r when 592 is divided by 188?
28
What is the remainder when 130 is divided by 40?
10
Calculate the remainder when 770 is divided by 33.
11
What is the remainder when 2513 is divided by 837?
2
What is the remainder when 13331 is divided by 226?
223
Calculate the remainder when 898 is divided by 100.
98
What is the remainder when 813 is divided by 16?
13
What is the remainder when 684 is divided by 175?
159
What is the remainder when 61 is divided by 31?
30
Calculate the remainder when 42 is divided by 21.
0
What is the remainder when 490 is divided by 25?
15
Calculate the remainder when 13091 is divided by 12.
11
Calculate the remainder when 143 is divided by 39.
26
Calculate the remainder when 290 is divided by 3.
2
What is the remainder when 18151 is divided by 6047?
10
Calculate the remainder when 646 is divided by 214.
4
What is the remainder when 160 is divided by 71?
18
What is the remainder when 31 is divided by 17?
14
Calculate the remainder when 709 is divided by 55.
49
What is the remainder when 72 is divided by 16?
8
What is the remainder when 205 is divided by 58?
31
Calculate the remainder when 559 is divided by 72.
55
Calculate the remainder when 288 is divided by 49.
43
Calculate the remainder when 143 is divided by 39.
26
What is the remainder when 729 is divided by 6?
3
Calculate the remainder when 29 is divided by 6.
5
What is the remainder when 71 is divided by 18?
17
Calculate the remainder when 1605 is divided by 7.
2
Calculate the remainder when 4949 is divided by 55.
54
What is the remainder when 526 is divided by 66?
64
What is the remainder when 1389 is divided by 116?
113
What is the remainder when 1086 is divided by 52?
46
Calculate the remainder when 227 is divided by 11.
7
Calculate the remainder when 972 is divided by 306.
54
What is the remainder when 228 is divided by 47?
40
Calculate the remainder when 136 is divided by 47.
42
Calculate the remainder when 738 is divided by 37.
35
What is the remainder when 1505 is divided by 29?
26
Calculate the remainder when 249 is divided by 51.
45
What is the remainder when 840 is divided by 172?
152
What is the remainder when 254 is divided by 57?
26
What is the remainder when 827 is divided by 10?
7
Calculate the remainder when 1067 is divided by 175.
17
Calculate the remainder when 559 is divided by 20.
19
What is the remainder when 2764 is divided by 35?
34
Calculate the remainder when 314 is divided by 35.
34
What is the remainder when 9500 is divided by 43?
40
What is the remainder when 24 is divided by 20?
4
What is the remainder when 316 is divided by 149?
18
What is the remainder when 133 is divided by 39?
16
What is the remainder when 2638 is divided by 60?
58
Calculate the remainder when 368 is divided by 47.
39
What is the remainder when 173 is divided by 46?
35
What is the remainder when 129 is divided by 67?
62
What is the remainder when 114 is divided by 40?
34
Calculate the remainder when 5869 is divided by 2934.
1
Calculate the remainder when 393 is divided by 316.
77
What is the remainder when 2914 is divided by 54?
52
What is the remainder when 36 is divided by 26?
10
What is the remainder when 15 is divided by 11?
4
Calculate the remainder when 267 is divided by 84.
15
What is the remainder when 87 is divided by 9?
6
What is the remainder when 149 is divided by 6?
5
Calculate the remainder when 262 is divided by 243.
19
What is the remainder when 203 is divided by 7?
0
What is the remainder when 522 is divided by 128?
10
What is the remainder when 13738 is divided by 11?
10
Calculate the remainder when 118 is divided by 10.
8
What is the remainder when 517 is divided by 106?
93
What is the remainder when 104 is divided by 21?
20
Calculate the remainder when 332 is divided by 28.
24
Calculate the remainder when 1111 is divided by 8.
7
What is the remainder when 118 is divided by 51?
16
What is the remainder when 24 is divided by 13?
11
Calculate the remainder when 23405 is divided by 14.
11
Calculate the remainder when 1005 is divided by 196.
25
Calculate the remainder when 83 is divided by 9.
2
What is the remainder when 1827 is divided by 167?
157
Calculate the remainder when 405 is divided by 10.
5
What is the remainder when 244 is divided by 228?
16
What is the remainder when 773 is divided by 194?
191
What is the remainder when 18697 is divided by 69?
67
What is the remainder when 7147 is divided by 22?
19
What is the remainder when 789 is divided by 15?
9
What is the remainder when 16273 is divided by 35?
33
What is the remainder when 33 is divided by 28?
5
Calculate the remainder when 923 is divided by 93.
86
Calculate the remainder when 242 is divided by 49.
46
Calculate the remainder when 368 is divided by 34.
28
What is the remainder when 3696 is divided by 74?
70
Calculate the remainder when 41 is divided by 23.
18
What is the remainder when 149 is divided by 15?
14
What is the remainder when 7118 is divided by 137?
131
What is the remainder when 173 is divided by 91?
82
What is the remainder when 144 is divided by 49?
46
Calculate the remainder when 5879 is divided by 173.
170
What is the remainder when 301 is divided by 92?
25
Calculate the remainder when 571 is divided by 18.
13
Calculate the remainder when 70 is divided by 24.
22
Calculate the remainder when 36 is divided by 11.
3
What is the remainder when 23872 is divided by 138?
136
What is the remainder when 699 is divided by 153?
87
Calculate the remainder when 551 is divided by 9.
2
What is the remainder when 2300 is divided by 59?
58
What is the remainder when 1172 is divided by 232?
12
What is the remainder when 776 is divided by 37?
36
What is the remainder when 116 is divided by 64?
52
What is the remainder when 226 is divided by 19?
17
Calculate the remainder when 284 is divided by 34.
12
Calculate the remainder when 8500 is divided by 109.
107
What is the remainder when 200 is divided by 71?
58
What is the remainder when 300 is divided by 43?
42
Calculate the remainder when 166 is divided by 48.
22
Calculate the remainder when 405 is divided by 68.
65
What is the remainder when 15536 is divided by 20?
16
Calculate the remainder when 123 is divided by 5.
3
What is the remainder when 266 is divided by 83?
17
What is the remainder when 138 is divided by 49?
40
Calculate the remainder when 23 is divided by 10.
3
What is the remainder when 244 is divided by 15?
4
Calculate the remainder when 113 is divided by 25.
13
Calculate the remainder when 150 is divided by 45.
15
What is the remainder when 5032 is divided by 47?
3
What is the remainder when 327 is divided by 10?
7
What is the remainder when 17411 is divided by 215?
211
What is the remainder when 72 is divided by 46?
26
Calculate the remainder when 316 is divided by 57.
31
Calculate the remainder when 527 is divided by 23.
21
Calculate the remainder when 24 is divided by 14.
10
Calculate the remainder when 386 is divided by 9.
8
What is the remainder when 1694 is divided by 25?
19
Calculate the remainder when 1696 is divided by 99.
13
What is the remainder when 121 is divided by 62?
59
Calculate the remainder when 168 is divided by 2.
0
Calculate the remainder when 822 is divided by 407.
8
What is the remainder when 79 is divided by 36?
7
Calculate the remainder when 2113 is divided by 5.
3
What is the remainder when 7783 is divided by 173?
171
Calculate the remainder when 4282 is divided by 126.
124
What is the remainder when 4617 is divided by 10?
7
What is the remainder when 818 is divided by 117?
116
What is the remainder when 13829 is divided by 8?
5
Calculate the remainder when 424 is divided by 14.
4
Calculate the remainder when 2672 is divided by 47.
40
Calculate the remainder when 267 is divided by 91.
85
What is the remainder when 112 is divided by 39?
34
What is the remainder when 139 is divided by 29?
23
What is the remainder when 224 is divided by 25?
24
What is the remainder when 3298 is divided by 127?
123
Calculate the remainder when 10844 is divided by 17.
15
Calculate the remainder when 3210 is divided by 17.
14
Calculate the remainder when 94 is divided by 12.
10
What is the remainder when 203 is divided by 193?
10
Calculate the remainder when 637 is divided by 305.
27
Calculate the remainder when 46 is di